{"id":132,"date":"2021-10-20T09:07:00","date_gmt":"2021-10-20T08:07:00","guid":{"rendered":"https:\/\/salonsendy.cz\/?page_id=132"},"modified":"2022-02-24T15:49:57","modified_gmt":"2022-02-24T14:49:57","slug":"pred-prvni-navstevou","status":"publish","type":"page","link":"http:\/\/salonsendy.cz\/index.php\/pred-prvni-navstevou\/","title":{"rendered":"P\u0159ed n\u00e1v\u0161t\u011bvou salonu"},"content":{"rendered":"\t\t<div data-elementor-type=\"wp-page\" data-elementor-id=\"132\" class=\"elementor elementor-132\">\n\t\t\t\t\t\t<section class=\"elementor-section elementor-top-section elementor-element elementor-element-3592cec0 elementor-section-boxed elementor-section-height-default elementor-section-height-default\" data-id=\"3592cec0\" data-element_type=\"section\" data-e-type=\"section\">\n\t\t\t\t\t\t<div class=\"elementor-container elementor-column-gap-default\">\n\t\t\t\t\t<div class=\"elementor-column elementor-col-100 elementor-top-column elementor-element elementor-element-bbff0c4\" data-id=\"bbff0c4\" data-element_type=\"column\" data-e-type=\"column\">\n\t\t\t<div class=\"elementor-widget-wrap elementor-element-populated\">\n\t\t\t\t\t\t<div class=\"elementor-element elementor-element-75ae0d23 elementor-widget elementor-widget-text-editor\" data-id=\"75ae0d23\" data-element_type=\"widget\" data-e-type=\"widget\" data-widget_type=\"text-editor.default\">\n\t\t\t\t<div class=\"elementor-widget-container\">\n\t\t\t\t\t\t\t\t\t\n<figure class=\"wp-block-image size-large\"><img fetchpriority=\"high\" decoding=\"async\" width=\"1024\" height=\"287\" class=\"wp-image-4530\" src=\"http:\/\/salonsendy.cz\/wp-content\/uploads\/2022\/02\/pacicky1-1024x287.jpg\" alt=\"\" srcset=\"http:\/\/salonsendy.cz\/wp-content\/uploads\/2022\/02\/pacicky1-1024x287.jpg 1024w, http:\/\/salonsendy.cz\/wp-content\/uploads\/2022\/02\/pacicky1-300x84.jpg 300w, http:\/\/salonsendy.cz\/wp-content\/uploads\/2022\/02\/pacicky1-768x215.jpg 768w, http:\/\/salonsendy.cz\/wp-content\/uploads\/2022\/02\/pacicky1.jpg 1508w\" sizes=\"(max-width: 1024px) 100vw, 1024px\" \/><\/figure>\n\n<ol class=\"wp-block-list\" type=\"1\">\n<li>1. Pejska objedn\u00e1v\u00e1me v\u010das. Mimo hlavn\u00ed sezonu 14 dn\u00ed a\u017e t\u0159i t\u00fddny dop\u0159edu, v sez\u00f3n\u011b (jaro, l\u00e9to, p\u0159ed v\u00e1noci) 3 t\u00fddny a\u017e m\u011bs\u00edc dop\u0159edu.<\/li>\n<li>2. Pejska si vyzvedn\u011bte v P\u0158ESN\u011a domluvenou hodinu. Po V\u00e1s m\u016f\u017ee j\u00edt na \u00fapravu h\u00e1raj\u00edc\u00ed fena nebo kousaj\u00edc\u00ed jedinec.<\/li>\n<li>3. Pejska p\u0159ed n\u00e1v\u0161t\u011bvou salonu roz\u010de\u0161te, bude-li to mo\u017en\u00e9. Pokud pejsek bude m\u00edt dredy, nebo bude-li srst zacuchan\u00e1, je t\u0159eba na to upozornit p\u0159i objedn\u00e1n\u00ed. \u00daprava st\u0159ihu m\u016f\u017ee vy\u017eadovat del\u0161\u00ed \u010das.<\/li>\n<li>4. Do salonu nevo\u010fte psy s parazity.<\/li>\n<li>5. H\u00e1rav\u00e9 fenky st\u0159\u00edh\u00e1me tak\u00e9, jen je t\u0159eba tak\u00e9 na toto upozornit p\u0159edem, aby v salonu se nevyskytoval jin\u00fd pes.<\/li>\n<li>6. V cen\u011b je kompletn\u00ed \u00faprava v\u010detn\u011b koup\u00e1n\u00ed, p\u0159ejete-li si psa vykoupat doma sami, lze se domluvit p\u0159i dodr\u017eov\u00e1n\u00ed t\u011bchto pravidel: Psa \u0161amponujeme 2x a pozornost v\u011bnujeme hlavn\u011b noh\u00e1m, vyf\u00e9nujeme a pak db\u00e1me na to, abychom ho do salonu p\u0159ivezli \u010dist\u00e9ho v\u010detn\u011b tlapek a fous\u016f, proto\u017ee i ty st\u0159\u00edh\u00e1me drah\u00fdmi n\u016f\u017ekami. NEPLAT\u00cd PRO TRIMOV\u00c1N\u00cd DRSNOSRST\u00ddCH PLEMEN, tam srst mus\u00ed b\u00fdt minim\u00e1ln\u011b 3 t\u00fddny nekoupan\u00e1 a proma\u0161t\u011bn\u00e1.<\/li>\n<li>7. Pokud je drsnosrst\u00fd pes (teri\u00e9r, kn\u00edra\u010d apod.), kter\u00e9ho budeme trimovat, kastrovan\u00fd nebo fenka p\u0159ed h\u00e1r\u00e1n\u00edm, pros\u00edm tak\u00e9 na to upozorn\u011bte p\u0159edem.\u00a0<\/li>\n<li>8. Pokud pes nem\u00e1 st\u0159\u00edh\u00e1n\u00ed a fenov\u00e1n\u00ed r\u00e1d, pop\u0159\u00edpad\u011b kou\u0161e, je nutn\u00e9 na to upozornit p\u0159edem!<\/li>\n<\/ol>\n\t\t\t\t\t\t\t\t<\/div>\n\t\t\t\t<\/div>\n\t\t\t\t\t<\/div>\n\t\t<\/div>\n\t\t\t\t\t<\/div>\n\t\t<\/section>\n\t\t\t\t<\/div>\n\t\t","protected":false},"excerpt":{"rendered":"<p>1. Pejska objedn\u00e1v\u00e1me v\u010das. Mimo hlavn\u00ed sezonu 14 dn\u00ed a\u017e t\u0159i t\u00fddny dop\u0159edu, v sez\u00f3n\u011b (jaro, l\u00e9to, p\u0159ed v\u00e1noci) 3 t\u00fddny a\u017e m\u011bs\u00edc dop\u0159edu. 2. Pejska si vyzvedn\u011bte v P\u0158ESN\u011a domluvenou hodinu. Po V\u00e1s m\u016f\u017ee j\u00edt na \u00fapravu h\u00e1raj\u00edc\u00ed fena nebo kousaj\u00edc\u00ed jedinec. 3. Pejska p\u0159ed n\u00e1v\u0161t\u011bvou salonu roz\u010de\u0161te, bude-li to mo\u017en\u00e9. Pokud pejsek bude<br \/><a class=\"moretag\" href=\"http:\/\/salonsendy.cz\/index.php\/pred-prvni-navstevou\/\">+ Read More<\/a><\/p>\n","protected":false},"author":1,"featured_media":0,"parent":0,"menu_order":0,"comment_status":"closed","ping_status":"closed","template":"templates\/page-nosidebar_template.php","meta":{"footnotes":""},"class_list":["post-132","page","type-page","status-publish","hentry"],"_links":{"self":[{"href":"http:\/\/salonsendy.cz\/index.php\/wp-json\/wp\/v2\/pages\/132","targetHints":{"allow":["GET"]}}],"collection":[{"href":"http:\/\/salonsendy.cz\/index.php\/wp-json\/wp\/v2\/pages"}],"about":[{"href":"http:\/\/salonsendy.cz\/index.php\/wp-json\/wp\/v2\/types\/page"}],"author":[{"embeddable":true,"href":"http:\/\/salonsendy.cz\/index.php\/wp-json\/wp\/v2\/users\/1"}],"replies":[{"embeddable":true,"href":"http:\/\/salonsendy.cz\/index.php\/wp-json\/wp\/v2\/comments?post=132"}],"version-history":[{"count":10,"href":"http:\/\/salonsendy.cz\/index.php\/wp-json\/wp\/v2\/pages\/132\/revisions"}],"predecessor-version":[{"id":4719,"href":"http:\/\/salonsendy.cz\/index.php\/wp-json\/wp\/v2\/pages\/132\/revisions\/4719"}],"wp:attachment":[{"href":"http:\/\/salonsendy.cz\/index.php\/wp-json\/wp\/v2\/media?parent=132"}],"curies":[{"name":"wp","href":"https:\/\/api.w.org\/{rel}","templated":true}]}}

Před návštěvou salonu

<div data-elementor-type="wp-page" data-elementor-id="132" class="elementor elementor-132">
						<section class="elementor-section elementor-top-section elementor-element elementor-element-3592cec0 elementor-section-boxed elementor-section-height-default elementor-section-height-default" data-id="3592cec0" data-element_type="section" data-e-type="section">
						<div class="elementor-container elementor-column-gap-default">
					<div class="elementor-column elementor-col-100 elementor-top-column elementor-element elementor-element-bbff0c4" data-id="bbff0c4" data-element_type="column" data-e-type="column">
			<div class="elementor-widget-wrap elementor-element-populated">
						<div class="elementor-element elementor-element-75ae0d23 elementor-widget elementor-widget-text-editor" data-id="75ae0d23" data-element_type="widget" data-e-type="widget" data-widget_type="text-editor.default">
				<div class="elementor-widget-container">
									
<figure class="wp-block-image size-large"><img fetchpriority="high" decoding="async" width="1024" height="287" class="wp-image-4530" src="http://salonsendy.cz/wp-content/uploads/2022/02/pacicky1-1024x287.jpg" alt="" srcset="http://salonsendy.cz/wp-content/uploads/2022/02/pacicky1-1024x287.jpg 1024w, http://salonsendy.cz/wp-content/uploads/2022/02/pacicky1-300x84.jpg 300w, http://salonsendy.cz/wp-content/uploads/2022/02/pacicky1-768x215.jpg 768w, http://salonsendy.cz/wp-content/uploads/2022/02/pacicky1.jpg 1508w" sizes="(max-width: 1024px) 100vw, 1024px" /></figure>

<ol class="wp-block-list" type="1">
<li>1. Pejska objednáváme včas. Mimo hlavní sezonu 14 dní až tři týdny dopředu, v sezóně (jaro, léto, před vánoci) 3 týdny až měsíc dopředu.</li>
<li>2. Pejska si vyzvedněte v PŘESNĚ domluvenou hodinu. Po Vás může jít na úpravu hárající fena nebo kousající jedinec.</li>
<li>3. Pejska před návštěvou salonu rozčešte, bude-li to možné. Pokud pejsek bude mít dredy, nebo bude-li srst zacuchaná, je třeba na to upozornit při objednání. Úprava střihu může vyžadovat delší čas.</li>
<li>4. Do salonu nevoďte psy s parazity.</li>
<li>5. Háravé fenky stříháme také, jen je třeba také na toto upozornit předem, aby v salonu se nevyskytoval jiný pes.</li>
<li>6. V ceně je kompletní úprava včetně koupání, přejete-li si psa vykoupat doma sami, lze se domluvit při dodržování těchto pravidel: Psa šamponujeme 2x a pozornost věnujeme hlavně nohám, vyfénujeme a pak dbáme na to, abychom ho do salonu přivezli čistého včetně tlapek a fousů, protože i ty stříháme drahými nůžkami. NEPLATÍ PRO TRIMOVÁNÍ DRSNOSRSTÝCH PLEMEN, tam srst musí být minimálně 3 týdny nekoupaná a promaštěná.</li>
<li>7. Pokud je drsnosrstý pes (teriér, knírač apod.), kterého budeme trimovat, kastrovaný nebo fenka před háráním, prosím také na to upozorněte předem. </li>
<li>8. Pokud pes nemá stříhání a fenování rád, popřípadě kouše, je nutné na to upozornit předem!</li>
</ol>
								</div>
				</div>
					</div>
		</div>
					</div>
		</section>
				</div>

<p>1. Pejska objednáváme včas. Mimo hlavní sezonu 14 dní až tři týdny dopředu, v sezóně (jaro, léto, před vánoci) 3 týdny až měsíc dopředu. 2. Pejska si vyzvedněte v PŘESNĚ domluvenou hodinu. Po Vás může jít na úpravu hárající fena nebo kousající jedinec. 3. Pejska před návštěvou salonu rozčešte, bude-li to možné. Pokud pejsek bude<br /><a class="moretag" href="http://salonsendy.cz/index.php/pred-prvni-navstevou/">+ Read More</a></p>
